-144333
Convert -27615 (base 8) to base 5.
-342143
Convert -10000320 (base 4) to base 2.
-100000000111000
Convert -293d (base 14) to base 7.
-30206
What is -20203 (base 4) in base 2?
-1000100011
Convert -23949 (base 10) to base 4.
-11312031
What is 1b5 (base 16) in base 15?
1e2
Convert 242 (base 10) to base 2.
11110010
What is -7c2 (base 14) in base 7?
-4332
37e (base 16) to base 3
1020010
-2300 (base 6) to base 16
-21c
Convert 130212 (base 4) to base 13.
aaa
Convert 2047 (base 9) to base 15.
6a1
10011000 (base 3) to base 12
13b3
What is 4a20 (base 15) in base 10?
15780
What is -668 (base 12) in base 3?
-1021222
What is -ebd (base 16) in base 15?
-11b8
-11222000 (base 3) to base 8
-7042
What is -2401 (base 5) in base 10?
-351
What is 2122 (base 9) in base 10?
1559
What is -105434 (base 6) in base 15?
-2a17
What is -45 (base 9) in base 10?
-41
26221 (base 7) to base 16
1b3d
-21033 (base 4) to base 12
-413
-30243 (base 5) to base 6
-13004
17309 (base 12) to base 2
1000000111111001
-42404 (base 5) to base 15
-ca4
Convert -4640 (base 9) to base 12.
-1ba6
Convert 29d (base 14) to base 15.
256
Convert -10213 (base 7) to base 14.
-cb3
Convert -402 (base 7) to base 6.
-530
What is -2093 (base 13) in base 12?
-2742
Convert -2220 (base 8) to base 11.
-972
-2993 (base 14) to base 8
-16325
46418 (base 9) to base 4
13203233
-110111010010 (base 2) to base 14
-140a
Convert 2313 (base 7) to base 5.
11333
What is -7ab (base 13) in base 8?
-2454
1001101110100000 (base 2) to base 4
21232200
-8e81 (base 16) to base 8
-107201
Convert 1001121 (base 4) to base 3.
12202000
What is -bb8 (base 14) in base 11?
-1818
What is 5745 (base 16) in base 9?
33573
Convert -6363 (base 7) to base 3.
-10002100
Convert -34680 (base 10) to base 16.
-8778
-11011202 (base 3) to base 8
-5744
Convert 3665 (base 9) to base 14.
dd2
1860 (base 11) to base 3
10020121
What is 12754 (base 11) in base 12?
a655
3421 (base 15) to base 2
10101100110000
What is 238 (base 15) in base 14?
27d
Convert -11a53 (base 14) to base 10.
-43193
What is 1201 (base 9) in base 10?
892
-12232 (base 10) to base 2
-10111111001000
What is 8302 (base 9) in base 16?
17bd
Convert 16660 (base 11) to base 13.
a876
-1011011001010 (base 2) to base 7
-23003
What is -171656 (base 8) in base 10?
-62382
Convert -712 (base 11) to base 8.
-1534
What is 380 (base 9) in base 5?
2230
What is 10100021 (base 3) in base 5?
34222
305 (base 12) to base 4
12311
What is 1221211 (base 4) in base 13?
30ca
What is -2055 (base 11) in base 8?
-5242
-102000112 (base 3) to base 9
-12015
-40040 (base 7) to base 12
-56a8
Convert -3631 (base 7) to base 8.
-2501
What is c6 (base 15) in base 7?
354
What is -1657 (base 8) in base 4?
-32233
Convert 277 (base 14) to base 11.
412
What is -120020110 (base 3) in base 7?
-44250
What is -175 (base 8) in base 14?
-8d
-2466 (base 13) to base 5
-131104
Convert -57b (base 13) to base 14.
-4b9
-145c (base 14) to base 2
-111000011010
708a (base 12) to base 16
2faa
Convert -6154 (base 12) to base 7.
-42556
What is 100000101110 (base 2) in base 7?
6051
What is -101011 (base 2) in base 13?
-34
Convert 2b6 (base 12) to base 4.
12222
Convert 13211 (base 6) to base 2.
11111100111
What is -e4b2 (base 16) in base 8?
-162262
What is a51 (base 12) in base 5?
22001
What is 20126 (base 8) in base 13?
39ca
Convert -100011111110110 (base 2) to base 7.
-104465
-124124 (base 5) to base 6
-34430
Convert -3403 (base 5) to base 16.
-1de
-12884 (base 9) to base 7
-34330
Convert -1402 (base 5) to base 12.
-16b
Convert -12523 (base 7) to base 13.
-16a8
What is -121 (base 12) in base 9?
-207
Convert 134020 (base 8) to base 9.
71565
What is -746 (base 10) in base 3?
-1000122
101100011000 (base 2) to base 4
230120
200133 (base 4) to base 14
a87
What is -4674 (base 8) in base 16?
-9bc
What is 310 (base 15) in base 2?
1010110010
-781 (base 9) to base 4
-22000
What is -1a4 (base 16) in base 3?
-120120
What is 10023 (base 6) in base 15?
5c6
-3026 (base 10) to base 11
-2301
-3743 (base 8) to base 9
-2683
-8346 (base 9) to base 7
-23556
Convert 505 (base 12) to base 3.
222212
-1411 (base 5) to base 8
-347
Convert -100011001100011 (base 2) to base 11.
-125a1
Convert 64455 (base 9) to base 10.
42656
2347 (base 9) to base 14
8c8
85c (base 14) to base 13
99c
Convert 11000000110 (base 2) to base 8.
3006
3756 (base 8) to base 10
2030
Convert 36023 (base 8) to base 5.
443004
Convert -5529 (base 12) to base 2.
-10010010110001
-1010032 (base 4) to base 5
-114431
Convert 12010222 (base 3) to base 6.
25212
What is -14363 (base 8) in base 2?
-1100011110011
Convert 7444 (base 12) to base 15.
3b84
What is 4154 (base 6) in base 14?
4aa
What is -a569 (base 11) in base 16?
-36a6
Convert -6433 (base 12) to base 10.
-10983
Convert 121000112 (base 3) to base 15.
36d8
What is 1127 (base 11) in base 3?
2000212
What is -124545 (base 7) in base 16?
-5adb
What is -1011000010110000 (base 2) in base 13?
-17785
Convert 522 (base 11) to base 9.
768
-54410 (base 11) to base 6
-1405504
12330 (base 5) to base 3
1022202
37 (base 11) to base 14
2c
Convert 7696 (base 10) to base 9.
11501
What is 35d (base 14) in base 13?
3c8
-10100001001000 (base 2) to base 16
-2848
What is -13232232 (base 4) in base 7?
-161211
What is 1530 (base 9) in base 16?
489
What is 2044 (base 6) in base 15?
20a
18260 (base 12) to base 8
104150
1141 (base 8) to base 2
1001100001
Convert 18202 (base 12) to base 7.
203414
2742 (base 8) to base 12
a56
Convert -13361 (base 9) to base 4.
-2031112
What is -2403320 (base 5) in base 6?
-540402
-101011110111 (base 2) to base 13
-137c
3af (base 16) to base 4
32233
What is 102340 (base 5) in base 3?
11202112
Convert 291 (base 12) to base 15.
1b7
What is 8781 (base 12) in base 15?
4654
What is cb4 (base 13) in base 16?
87f
What is c5 (base 14) in base 4?
2231
100100111000100 (base 2) to base 16
49c4
c34a (base 15) to base 2
1010000100011101
What is -100002 (base 7) in base 9?
-25046
Convert -110110011101001 (base 2) to base 11.
-19a47
-18a (base 15) to base 8
-543
Convert b12 (base 14) to base 13.
cb1
Convert 122210 (base 3) to base 4.
13200
What is -4581 (base 16) in base 9?
-26360
Convert 200120 (base 3) to base 9.
616
What is 101001100001111 (base 2) in base 11?
14a80
3435 (base 16) to base 12
7899
What is -1101101100001 (base 2) in base 15?
-2124
-82d (base 14) to base 13
-96a
-2260 (base 13) to base 7
-20011
656 (base 10) to base 4
22100
What is -142a (base 12) in base 8?
-4442
8791 (base 14) to base 9
35146
2303 (base 6) to base 8
1037
What is 164 (base 7) in base 9?
115
78131 (base 9) to base 14
14c8c
-b477 (base 15) to base 5
-2210022
Convert 6477 (base 8) to base 3.
11122121
232100 (base 5) to base 2
10000011010000
Convert -15107 (base 8) to base 4.
-1221013
What is 135230 (base 6) in base 12?
7516
15076 (base 10) to base 11
10366
Convert -39c (base 15) to base 9.
-1113
Convert 121123 (base 4) to base 16.
65b
20221122 (base 4) to base 15
a763
Convert 184 (base 16) to base 15.
1ad
Convert -8b (base 12) to base 15.
-72
What is -1032010 (base 4) in base 13?
-2374
What is -12603 (base 7) in base 14?
-133a
Convert -913 (base 15) to base 3.
-2210200
-10461 (base 7) to base 6
-20120
Convert -40 (base 15) to base 4.
-330
What is 13651 (base 7) in base 10?
3760
What is 101000001001011 (base 2) in base 4?
11001023
-41563 (base 7) to base 8
-23775
What is -395 (base 14) in base 13?
-434
What is -274 (base 12) in base 9?
-457
Convert 5027 (base 8) to base 10.
2583
Convert -39b2 (base 16) to base 15.
-459a
Convert -3761 (base 11) to base 10.
-4907
Convert -47 (base 11) to base 2.
-110011
Convert 3464 (base 9) to base 8.
5011
-14520 (base 7) to base 12
-2400
What is -575a (base 11) in base 15?
-2397
What is -23320 (base 4) in base 7?
-2134
What is -5790 (base 15) in base 2?
-100100010011001
What is 12211012 (base 4) in base 15?
7eba
What is -201202 (base 3) in base 11?
-445
-257c (base 13) to base 12
-3112
What is 751 (base 8) in base 16?
1e9
What is -1112032 (base 4) in base 8?
-12616
101111010 (base 2) to base 3
112000
1121 (base 13) to base 5
34033
1332 (base 4) to base 8
176
What is -224023 (base 6) in base 12?
-b013
-24225 (base 9) to base 15
-4c18
Convert 281 (base 10) to base 7.
551
What is 55215 (base 9) in base 15?
acbb
-10100010100 (base 3) to base 10
-6570